(-9) - -2) + 20/(-30). What is the highest common factor of f and z?
16
Let z = 14 - 5. Let o be (10 - 9)/(1/3). Suppose 4*f + o*x - 30 = 0, -5*f + 18 = -x - 29. What is the highest common factor of z and f?
9
Suppose -3*o = -33 - 63. Suppose 0 = -4*p - p + 5*x + 110, 5*x = -5*p + 140. Suppose p = 5*v + 5. What is the highest common divisor of o and v?
4
Let p(k) = -k**3 - k**2 + 2*k + 23. Let y be p(0). Calculate the highest common divisor of 46 and y.
23
Suppose -55 = -15*i + 245. Calculate the greatest common divisor of i and 60.
20
Let s(n) = -n**2 - 24*n + 52. Let j be s(-24). Calculate the highest common divisor of 26 and j.
26
Let q be (8/6)/(10/135) + -2. What is the greatest common factor of q and 32?
16
Let m be (-4)/12 + 26/6. Suppose 17 - 1 = m*k. Suppose 5*o - 73 = -k*i, -5*o + 3*i + 25 = -34. What is the greatest common factor of 52 and o?
13
Let a(x) = -x - 5. Let v be a(-7). Suppose 0 = v*u - 9 - 7. What is the greatest common factor of u and 80?
8
Let s be (2/6)/(1/39). Let r(f) = 107*f**2 + 2*f - 1. Let h be r(-1). What is the highest common factor of s and h?
13
Let f(t) = -2*t + 15. Let z be f(7). Suppose 24 = 3*x - 0*x. What is the greatest common divisor of z and x?
1
Let i(s) = 29*s**3 - 3*s + 2. Let w be i(1). What is the greatest common factor of w and 140?
28
Let q(a) = -3*a - 4. Let v be q(-4). Suppose 0 = -g + 27 + 13. Suppose -80 = -5*w + 5*u, -2*u + 7*u - g = -w. Calculate the greatest common divisor of v and w.
4
Let j = -83 - -153. Let o(i) = 3*i + i**3 - 4 - i**2 - 5*i**2 + 4*i**2. Let v be o(3). Calculate the greatest common factor of v and j.
14
Suppose 0*t = 3*m - 5*t - 39, 3*t = 3*m - 45. Suppose 5*j - 29 = -h, -3*j + 26 - 3 = -5*h. Calculate the greatest common divisor of j and m.
6
Let n(j) = 10*j**2 - 2*j - 2. Let h be n(-2). Let c be -6*2/8*-14. What is the highest common factor of h and c?
21
Suppose -3*m + 6 + 2 = -2*b, 10 = m + 3*b. Suppose -m*z = -0*z, 1564 = 2*n - 3*z. Let a be n/7 - (-2)/7. What is the highest common divisor of 14 and a?
14
Suppose 2*w + 12 = -0. Let y be (-33)/(-7) + w/(-21). Suppose 2*p - y*d + 17 = -0*p, 23 = 2*p + 3*d. What is the highest common divisor of 36 and p?
4
Suppose -2*k - 11 = -3*z, 2*z + 4*k + 2 = 4*z. Let f(w) = w**2 + 4*w - 2. Let n be f(-6). Suppose -n = -z*u + 5. What is the highest common divisor of 24 and u?
3
Suppose -4*o = -17 - 23. Calculate the highest common factor of 25 and o.
5
Let x be -27 + (-1 - 0) + 1. Let w = x + 38. What is the highest common factor of 99 and w?
11
Suppose -k = -16 - 38. Let m = -13 + 19. Suppose 0*t - t = -m. What is the greatest common factor of k and t?
6
Let o = -3 + 5. Suppose o*r + 2*r - 260 = 0. Calculate the greatest common factor of 26 and r.
13
Let z(t) = -21*t**3 - t - 1. Let d be z(-1). Calculate the greatest common factor of 21 and d.
21
Let d be 26/5 - 2/10. Let y(v) = -13*v - 1. Let c be y(d). Let b be (2 + -1)*c/(-2). Calculate the highest common divisor of 3 and b.
3
Let c be (-1056)/(-28) - (-2)/7. Suppose -4*x + 2*x + c = 0. What is the highest common factor of 57 and x?
19
Let a(y) = 10*y**3 - 2*y**2 + 5*y - 5. Let q be a(2). What is the greatest common factor of 11 and q?
11
Suppose 7*f - 5*g = 3*f + 34, -5*g - 23 = -3*f. Suppose -3*u + 13 = -f. Calculate the highest common factor of 20 and u.
4
Suppose 5*o - 25 = -0*o. Suppose -5*s + 48 = -x, -7 = 4*x + o. Calculate the highest common factor of s and 9.
9
Let w be (-9)/((-36)/(-56))*-1. Calculate the highest common factor of w and 126.
14
Let d(b) = -4*b**2 + 21*b - 4. Let y be d(5). Let l = -5 + 15. Let g = l - y. Calculate the highest common factor of g and 9.
9
Let t be 1388/9 - 14/63. Calculate the highest common factor of t and 14.
14
Let d(r) = -4*r**3 - r**2 + 2*r - 1. Let t be d(1). Let n(j) = -2*j - 4. Let a be n(t). What is the highest common factor of a and 2?
2
Suppose -3*y + 3*r + 18 = 0, -1 = 2*y + 5*r + 1. What is the greatest common factor of y and 10?
2
Suppose 0 = 45*p - 54*p + 54. What is the highest common divisor of p and 66?
6
Suppose -44*k + 46*k - 62 = 0. What is the highest common divisor of k and 124?
31
Suppose 5*f = 4*j - 33, -2*f = -3*j - f + 22. Suppose 0 = -2*o - 30 + 76. Let z = o + -16. Calculate the highest common factor of z and j.
7
Let i be (1 - -127) + 6/(-3). Let d = -14 + 28. Calculate the highest common divisor of i and d.
14
Let z be 1*1/1 + -1. Let v(p) = p**2 - 54 + 0*p**2 + 55. Let w be v(z). What is the highest common factor of w and 5?
1
Let u = 92 - 40. Calculate the greatest common divisor of 13 and u.
13
Suppose 3*d - 324 = -d. Suppose -d = w - 2*w. Suppose 5*b = 2*b + w. What is the highest common divisor of b and 3?
3
Let r = 87 - 39. Let d be 88/14 - 2/7. What is the greatest common divisor of r and d?
6
Let t = 22 + -5. Let p = 81 - 5. Suppose p - 8 = o. Calculate the highest common divisor of t and o.
17
Suppose 2*h + d - 3*d - 38 = 0, -2*d = h - 22. Let l = -103 + h. Let o be (-2)/(-4) - l/2. What is the greatest common divisor of 14 and o?
14
Let h be (16/(-20))/(-4) + (-89)/(-5). What is the highest common factor of h and 63?
9
Suppose z + 5*o = -0*o + 6, 0 = -2*z + 2*o + 24. Suppose -f + z = -28. Suppose 0 = i + 2, -y = 3*i - f. What is the highest common divisor of y and 15?
15
Let y = -4 - -2. Let i be -3 + 1 + 17 - y. Calculate the highest common factor of 153 and i.
17
Let b = -26 + 110. Calculate the highest common factor of 12 and b.
12
Let f be 56/20 + 2/10. Suppose f*h = -h - 2*v + 6, 5*v = -5*h. Let r be 6/(2*h/144). What is the highest common divisor of 16 and r?
16
Let i(f) = -f**3 - 5*f**2. Let w be i(-5). Suppose w*u + 2*u = 16. Suppose 10*a - u*a - 42 = 0. Calculate the highest common divisor of a and 14.
7
Suppose 2*x = -z + 4*z + 18, -5*z = 0. Calculate the greatest common factor of 27 and x.
9
Let r(t) = t**2 + 8*t + 2. Let i be r(-8). Suppose -240 + i = -2*j. Suppose -4 = q, -50 = a - 3*a + 4*q. What is the greatest common divisor of j and a?
17
Suppose -6 + 14 = 3*c + 2*t, 4*c = 5*t - 20. Suppose h - 6*h + 40 = c. Let m(o) = 21*o - 2. Let r be m(2). Calculate the highest common factor of r and h.
8
Let x(b) = -4*b + 1. Let o be x(-1). Suppose o = 2*c + 3*c. Calculate the highest common factor of c and 5.
1
Suppose -n - 2*n = -6. Let m be -2 + (125 + -1)/n. Calculate the greatest common divisor of m and 20.
20
Let d(v) = 2*v**3 + 17*v + 4. Let c(z) = -z**3 - z**2 + 1. Let f(x) = 3*c(x) + d(x). Let y be f(-7). What is the highest common divisor of y and 21?
21
Let q = 18 + 0. Suppose -21 = 3*k - 453. Let y be (-28)/4*k/(-7). Calculate the greatest common factor of y and q.
18
Suppose 46 = 5*h + 16. Let c(y) = -y**3 + 9*y**2 - y + 4. Let p be c(8). Suppose -6*o + o + p = 0. Calculate the greatest common divisor of h and o.
6
Let k be (1/1)/(1/9). Let q = 13 - 22. Let v be (10/6 - 2)*q. What is the highest common factor of v and k?
3
Let h be (72/(-15))/(4/(-30)). What is the greatest common divisor of h and 18?
18
Suppose -879 = -3*t + 45. What is the greatest common divisor of 28 and t?
28
Suppose 0 = 3*k - 3*i - 39, -4*i - 16 = 4. Let s be k/4 - (0 + -10). Suppose 0 = m - s - 10. Calculate the highest common factor of 11 and m.
11
Let f be (-14)/(-35) - 38/(-5). Suppose s - f = -4. Let g(t) = -t**3 - t**2 + 32. Let r be g(0). What is the highest common divisor of r and s?
4
Suppose 2*g - 63 + 45 = 0. Let h(m) = 0*m - 4*m**2 - 2 - m**3 - m - 4. Let x be h(-6). Calculate the greatest common factor of g and x.
9
Let p = -6 + 4. Let w(q) = -40*q + 1. Let z be w(p). What is the greatest common divisor of z and 9?
9
Suppose -5*x + 4*x = -60. What is the greatest common divisor of x and 15?
15
Let i = -18 - -50. What is the highest common divisor of 8 and i?
8
Let r be 4 - (75 - -5)/(-4). Calculate the greatest common divisor of r and 32.
8
Let b = -118 - -206. Calculate the highest common factor of b and 11.
11
Suppose -8*m = n - 3*m - 25, 9 = 5*n - 4*m. Suppose 0*b - n*b = -300. Calculate the highest common factor of b and 40.
20
Let b be (-2)/((-12)/123)*2. Let f = b + -17. What is the highest common factor of f and 16?
8
Let m(h) = -2*h + 2. Let o be m(-6). Suppose 2*b = -3*b + 50. Let i be 346/b + (-2)/(-5). What is the highest common factor of i and o?
7
Let k = -135 - -235. Let